2 = 4*l. Let n be -1 - (-2)/(-2) - 0. Let t = l - n. List the prime factors of t.
2, 3
Let t(a) = -a**2 + 4*a. Let m be t(8). List the prime factors of (m - 1)*(-6)/9.
2, 11
Suppose -2*j + 2*f = -82, -4*j + 2*j + 77 = -3*f. List the prime factors of j.
2, 23
Suppose 0 = 2*f + 5*b - 356, 2*b + 600 = 5*f - 348. What are the prime factors of f?
2, 47
List the prime factors of 0 + 3 + 60/2.
3, 11
Let k = -55 - -75. What are the prime factors of k?
2, 5
Suppose -3*d = -0*d. Suppose x = -d*x + 2. What are the prime factors of (x/3)/(2/51)?
17
Let n(v) = v + 13. Let k be n(-7). Suppose 65 = k*m - m. Suppose -5*x + 10 + 43 = 3*s, x + 3*s - m = 0. What are the prime factors of x?
2, 5
Let f(p) = p**3 + 13*p**2 + 2. Let u be f(-13). Suppose -3*y + 55 = -u*z, 6 + 55 = 3*y - 5*z. List the prime factors of y.
17
Let w(x) = x**2 + 11*x + 12. What are the prime factors of w(-10)?
2
Let m(i) = 53*i**2 - 4*i + 1. What are the prime factors of m(2)?
5, 41
List the prime factors of 2/(-2)*7/(-14)*158.
79
List the prime factors of ((-8)/22)/2 + 12591/99.
127
Let t(h) = 78*h**2 + 3*h. List the prime factors of t(-1).
3, 5
Suppose 0 = v - 8*v + 672. List the prime factors of v.
2, 3
Suppose -3*s + 6 = -0. Suppose -h - s*h + 60 = 0. Suppose -3*i + 19 + h = 0. What are the prime factors of i?
13
Suppose -a = 3*a. Let f be (17/(-2))/((-2)/4). Suppose 1 = -h - l + 6*l, a = -4*h - l + f. What are the prime factors of h?
2
Suppose 0 = -4*x + y - 3*y + 16, 4*y = -4*x + 8. What are the prime factors of x?
2, 3
Suppose 4*t - l + 36 - 358 = 0, -77 = -t + 2*l. List the prime factors of t.
3
Let i(l) = 28*l**2 + 6*l + 9. List the prime factors of i(-3).
3
Suppose 0*d - 12 = -4*d. Suppose d*f = -6 + 21. What are the prime factors of f?
5
Suppose o = -o + 24. Suppose o = 2*v + 2*z, z + 12 = 3*v + 2*z. Suppose -v*q = q - 24. What are the prime factors of q?
2, 3
Let j = -5 + 6. Let o(u) = 19*u**3 + 1. List the prime factors of o(j).
2, 5
Let o = 17 + -14. List the prime factors of o.
3
Suppose 4*n + 8 = 24. Suppose n*f + 3*b = 170, -3*b + 88 = 3*f - f. List the prime factors of f.
41
Let c(a) = -a**2 + 12*a - 11. Let k = 91 - 47. Suppose -5*b = -k - 1. What are the prime factors of c(b)?
2
Let d(k) be the second derivative of k**3/6 - k**2 - 4*k. Let h be d(0). What are the prime factors of 9/6*h - -22?
19
List the prime factors of (4/(-6))/((-1)/78).
2, 13
Suppose -12*q + 2*q + 2090 = 0. List the prime factors of q.
11, 19
Let w(t) = -2*t**3 + 2*t**2 - t + 1. Let c be w(-2). Let r = -3 - -8. Suppose 0 = -2*j + c - r. List the prime factors of j.
11
Suppose -2*z + 13 = -1. What are the prime factors of z?
7
Let w be (-2)/(-3) + (-4)/6. Suppose 4*b - 56 - 8 = w. Let k = b + -9. List the prime factors of k.
7
Suppose -4*u - 3 = 4*d + 1, 5 = 3*d + u. Suppose 8 = 2*s + a, d*s - 2*a - 6 = -1. What are the prime factors of s?
3
Suppose 14 = 5*y - 1. Let v be 26/(-6) - y/(-9). List the prime factors of 124/44 + v/(-22).
3
Let s = 6 - -29. What are the prime factors of s?
5, 7
Let f(w) = -w - 3. Let k(r) = r - 1. Let y(g) = -g**2 - g + 1. Let t be y(-3). Let a be k(t). List the prime factors of f(a).
3
Let j(h) = h**2 + 12*h. Let n be j(-6). List the prime factors of (6/4)/(n/(-672)).
2, 7
Let o be (-3)/(0 - (-3)/(-2)). Let q(b) be the third derivative of b**5/30 + b**4/8 - b**3/3 + b**2. What are the prime factors of q(o)?
2, 3
Let h(p) = 8*p - 14. List the prime factors of h(8).
2, 5
Let x be 1 + 1 + 0/4. Suppose m + x = 2*m. What are the prime factors of m/((-4)/(-10)) + 1?
2, 3
List the prime factors of -5*1 - (-3 + -164).
2, 3
What are the prime factors of (2 - (7 + 4))/(-1)?
3
Let i = -3 + 5. Let d(n) = 3*n**i - 4 + 2*n**2 + 5. List the prime factors of d(1).
2, 3
Let z(c) = 19*c**2 - 1 - 6*c + 6*c. What are the prime factors of z(1)?
2, 3
Suppose -4*a + 26 = -30. Let r = 33 - a. What are the prime factors of r?
19
Suppose 6*y - 3 = 3*y. Let q = y + 4. Suppose q*b - 42 - 23 = 0. What are the prime factors of b?
13
Let v be (-2)/3 - 138/(-18). Suppose -v*b = -3*b + 24. List the prime factors of (-186)/(-18) + 2/b.
2, 5
Suppose -4*u + 37 = -995. List the prime factors of u.
2, 3, 43
Let g(y) = -2*y. Let r be g(3). Let a = r - -16. Suppose 2*d - 12 = 3*v, 2*d + 5*v - 34 - a = 0. What are the prime factors of d?
2, 3
Let m(p) = p + 8. Let y(f) = 2*f**2 + f - 2. Let u be y(2). Suppose 4*g - 2*g + u = 0. List the prime factors of m(g).
2
Suppose 6*c - c - 248 = -2*o, -c + 2*o = -52. List the prime factors of c.
2, 5
Let y = 0 - 7. Let l = -1 - y. Let z = l + -1. List the prime factors of z.
5
Let m(p) = -3*p**3 - 1 + p**3 + p**3. Let b be m(-1). Suppose 4*u = -b*t + t + 8, 5*t = 2*u + 14. List the prime factors of u.
3
Suppose -3*a + 4*a - v = 265, -799 = -3*a - v. List the prime factors of a.
2, 7, 19
Suppose -3*y = -3*k + 129 + 21, k - 58 = 5*y. What are the prime factors of k?
2, 3
Let v = 9 + -7. Suppose -5*y + 9 = -b, -4*y - v + 7 = -3*b. What are the prime factors of y?
2
Let u(w) = -w + 2. Let h be u(4). Let j be (14*-2 + h)/(-1). Suppose 0*m - j = -5*m. List the prime factors of m.
2, 3
Suppose 4*g - 5*g = 1095. List the prime factors of g/(-65) + 4/26.
17
Suppose 3*b + 76 = 2*t, 32 = t - 0*b - 3*b. Suppose -2*j + 22 = 4*m, 4*j - t = -3*m + 8*j. What are the prime factors of m?
2
Let m = -20 - -28. Let q(o) be the third derivative of -o**5/60 + 3*o**4/8 + o**3/2 - o**2. List the prime factors of q(m).
11
Let j(i) = i**3 - 4*i**2 - 6*i - 6. What are the prime factors of j(7)?
3, 11
Suppose 2*i - 6*i = 3*m - 52, 0 = 5*m. List the prime factors of i.
13
Let w = 42 + -22. What are the prime factors of w?
2, 5
Suppose -3*w + 5*q - 10 = 0, 0*q + 2*q = w + 4. Let f be (-1 - -5)/(w + 1). Let x(h) = h**3 - 2*h**2 - 7*h + 5. List the prime factors of x(f).
3
Suppose 4*g = -5*m + 181, g - 4*m - 6 = 34. List the prime factors of g.
2, 11
Let n = 6 - -4. Suppose 2*q + n = -x, -1 = -2*x + 4*q + 3. Let o = x - -11. What are the prime factors of o?
7
Suppose 2*c + 0 = -2*v - 2, -29 = -c + 5*v. Suppose 2*k + 0 = c. What are the prime factors of k?
2
Let p(k) = k**2 - 14*k + 9. Let l be p(13). Let a(y) = 3 - 4 - 1 - 4*y. What are the prime factors of a(l)?
2, 7
Let h be (-28)/5*(-45)/6. Suppose -8 - 8 = -4*s. Suppose v = s*v - h. List the prime factors of v.
2, 7
Let f = 11 + -1. Suppose -5*r = -5 - f. Suppose -3*z + 9 = -3*g, -3*z + 0*z - r*g = -33. What are the prime factors of z?
7
Suppose 3*z - 37 = 5*c, 3*c - c + 54 = 4*z. List the prime factors of z.
2, 7
What are the prime factors of (15*2/9)/(6/540)?
2, 3, 5
Let c = 15 - 12. What are the prime factors of c?
3
Let l = -10 - -14. Suppose 5*c + 40 = -l*a, 3*c - 4*a + 37 = -9*a. List the prime factors of (-18)/(-3) - c/4.
7
Let g(y) = -y + 11. List the prime factors of g(-5).
2
Suppose -48*d + 42*d = -1290. What are the prime factors of d?
5, 43
Let o(s) = s**2 - s + 5. Let p be o(5). Let z = 41 - p. What are the prime factors of z?
2
Let q(w) = -3*w - 5. Let g be q(-4). Let m = 12 - g. Suppose -2*i = -3*i + m. List the prime factors of i.
5
Let c(l) = l**2 - 7*l + 9. Let t be c(6). Suppose 3*z - t*s = -21, s + 1 = -z - 2*z. What are the prime factors of (-2 + 1 - z)*3?
3
Suppose -117 = -5*z - 2. Let x = -2 - z. Let b = -15 - x. What are the prime factors of b?
2, 5
Suppose -2*i = -i - 47. List the prime factors of i.
47
Let o = 0 - -4. Suppose -2*u + o*u + 12 = 0. List the prime factors of (3 - (-21)/u)*-28.
2, 7
List the prime factors of 59 + (4 + -9)/(-5).
2, 3, 5
Let x be (9/(-6))/((-6)/8). Let a be 0*(1 + 1)/4. Suppose -d - x*d + 12 = a. List the prime factors of d.
2
Let c be -2 - (15 + 9/3). List the prime factors of (3 + 2)*(-16)/c.
2
Let r(t) be the second derivative of t**4/12 - 7*t**3/6 + 5*t**2 - 2*t. Let u = 7 + 0. List the prime factors of r(u).
2, 5
Let j = 8 - -14. Let h(w) = -16*w**2 + w. Let l be h(1). Let a = l + j. List the prime factors of a.
7
What are the prime factors of 38 - (-3 - -5) - -2?
2, 19
What are the prime factors of -1 + 2 + -4 + (0 - -32)?
29
Let m(t) = -t**2 - 6*t. Let c be m(-6). Suppose 0 = h - c*h - 5. What are the prime factors of h?
5
Let t(n) be the third derivative of -n**6/120 + n**5/6 - n**4/3 + 2*n**3/3 + 3*n**2. List the prime factors of t(9).
13
Let r be -45*3/(-6)*2. Suppose 0*i + r = 5*i.